75, -3*s + 72 = -h*g - g. What is the units digit of s?
3
What is the units digit of (0 - 2/3)*(-117)/6?
3
Suppose 5*k + 5*b - 3*b - 9 = 0, 4*b = -4*k. Suppose 0*v = 3*v. Suppose c = -v*c + k. What is the units digit of c?
3
Let h = -2 - -7. Suppose h = 2*s + 3*s, 2*b + 3*s = 9. Suppose -j - 7 = -y - b*j, y = 4*j + 13. What is the units digit of y?
9
Let y be 10/(-6) + 1/(-3). Let z be ((-18)/4)/((-36)/(-48)). What is the units digit of y/z - (-26)/3?
9
Let a(h) = 7*h - 2*h**2 - h**2 + 5 + 10*h**3 - 11*h**3. What is the tens digit of a(-5)?
2
Suppose 0 = -5*h - 6 - 4. Let c be h/(-3) - 2/(-6). What is the units digit of c/(-3) - 39/(-9)?
4
Suppose -l = 3*j - 3*l - 217, 145 = 2*j - l. Suppose 5*m - j = -13. What is the units digit of m?
2
Let c = -3 + 5. Suppose -6 = 3*m, -c*g + 4 = -2*m - 10. Suppose -5*r = j + g, -5*j + 27 = r - 2*r. What is the units digit of j?
5
Let v(x) = -x**3 - 8*x**2 - 9*x - 7. Let c(t) = -2*t + 9. Let l be c(8). Let a be v(l). Let g = a + 1. What is the units digit of g?
8
Let i = 0 - -3. Suppose 2*v - 11 = i. What is the units digit of v?
7
Suppose -3*s + 18660 = 4*v, 0 = v + 2*v + 3*s - 13995. What is the units digit of v/85 + 6/51?
5
Let i(h) = -h**3 - h**2 + h - 1. Let l be i(2). Let y = l + 21. What is the units digit of y?
0
Let u(s) = s**2 + 7*s. Let z be u(-7). Let m(b) = -b + 3. Let v be m(z). Suppose 0*q = -q - 2*x + 9, 5*x - 24 = -v*q. What is the units digit of q?
3
What is the tens digit of (-2)/(-1 + (-235)/(-245))?
4
Suppose -3*a - 2*n = 2*n + 68, -4*a = 3*n + 86. Let q = 11 + a. Let w = q + 15. What is the units digit of w?
6
Let x be 42/11 + (-10)/(-55). Suppose -5*a + 3*c + 17 = -0*a, 4*c - x = 0. Suppose -1 = -a*q + 15. What is the units digit of q?
4
Let w(b) = 6*b - 21. What is the tens digit of w(6)?
1
Let g(h) = 3*h**3 - 29*h**2 + 17*h + 26. Let t(i) = -2*i**3 + 19*i**2 - 11*i - 17. Let v(f) = 5*g(f) + 8*t(f). What is the tens digit of v(6)?
1
Let y(o) = 4*o**2 - 1. Let b be (2*(-2)/4)/1. What is the units digit of y(b)?
3
Let u(m) = -m + 3. Let z be u(-4). Let p = z - 1. What is the units digit of p?
6
What is the tens digit of 6/(-8) + (-668)/(-16)?
4
Suppose -2 = -3*i + 7. Suppose 5*f - 120 = -i*t, -t = 4*f + t - 98. Suppose -1 + f = 2*s. What is the tens digit of s?
1
What is the units digit of ((-54)/4)/((-4)/8)?
7
Let r be (0 - (1 - 3))*4. Suppose -2*u - r = 3*s - 5*s, 0 = -s - u + 14. What is the units digit of s?
9
Suppose 0 = -4*l + 15 + 225. Suppose -2*g + l = -0*g. What is the units digit of g?
0
Let v = 2 - 4. What is the tens digit of (-6)/v + 23 - 2?
2
Let d be 8 + (0 + -3)/1. Suppose -3*n - d*j + 66 = 0, -j + 4*j = -3*n + 60. What is the tens digit of n?
1
Let c(l) = -172*l - 6. What is the hundreds digit of c(-1)?
1
Let j(m) = -m**3 + 6*m**2 + 4. Let s be j(6). Suppose s*y = 7 + 25. What is the units digit of y?
8
Let k(j) = j**3 - 2*j**2 + 2*j - 1. Let l be k(2). Let p = l + 12. What is the units digit of p?
5
Let b(v) = -v**2 - 12*v - 13. Let h(m) be the second derivative of m**4/12 - 7*m**3/6 + 2*m. Let k be h(5). What is the units digit of b(k)?
7
What is the hundreds digit of 201/3*(-24)/(-8)?
2
Let f be 1 + 1 + -5 + 3. Let o be (3 + 12)*(f + 1). Suppose 0 = -3*n + o, -66 = -5*t + t - 2*n. What is the units digit of t?
4
Suppose -3*g - 24 = -108. What is the units digit of g?
8
Suppose 0*g - 8 = -i - 4*g, -9 = -3*g. Let w = 6 + i. Suppose 3*y - 4*z - z + 7 = 0, w*y - 4*z + 8 = 0. What is the units digit of y?
6
Let m(z) = z**3 - z**2 - 2*z + 2. Suppose -5*s - k = 2*k - 13, 5*s = 2*k + 8. Suppose s + 2 = 2*d. What is the units digit of m(d)?
2
Let h be (2 + 10)*2/4. Let v = -10 - -21. Let g = h + v. What is the units digit of g?
7
What is the units digit of 81*(-2 - (-7)/3)?
7
Let d = 11 - 6. Let u(b) = b**3 - 3*b**2 - 5*b - 3. What is the units digit of u(d)?
2
Let k(d) = -d + 11. Let p be k(5). Let o(h) = h**2 - 9*h + 5. Let j be o(4). What is the tens digit of p/(-4)*140/j?
1
Let q = 13 - 1. Let z(y) = 3*y - 18. What is the units digit of z(q)?
8
What is the units digit of (2 - 3)/(4/(-92))?
3
Let b(k) = k**3 - 10*k**2 - 12*k + 23. What is the units digit of b(11)?
2
Suppose 260 = 4*d - 2*x, 6*d - 3*d + x = 205. What is the units digit of d?
7
Let b(n) = -n**2 + 23*n - 20. What is the tens digit of b(21)?
2
Let y = -16 - -11. Let d be y/((-1)/(2/2)). Suppose -12 = -d*m + 3. What is the units digit of m?
3
Suppose 0 = -2*y - y + 51. What is the tens digit of y?
1
Let g(f) = f**3 - 6*f**2 - f + 7. Let k be g(6). Suppose -n + k = -2*n. What is the units digit of n + (-4)/(4/(-7))?
6
Let a(d) = -d**2 + 2*d + 1. Let v be a(3). Let s be 10/1*(-1)/v. Suppose 0 - s = -5*u. What is the units digit of u?
1
Let q(c) = 2*c - 4. Suppose 4*r - 3 = -3*l, -7*r - l + 12 = -2*r. Let y be q(r). Suppose y*p - 3 = 1. What is the units digit of p?
2
Let a = 251 - 193. What is the tens digit of a?
5
Let v be 4 - 0 - (6 - 6). Let t = v + 9. What is the units digit of t?
3
Let n(u) be the second derivative of -u**5/20 + u**4/2 + u**3/3 + u**2 + u. Let a be n(6). Suppose -3*s + 16 = -a. What is the units digit of s?
0
Let d be 17/2 - 2/4. Suppose 13*r - d*r = 140. What is the units digit of r?
8
Let m(n) = 125*n - 2. What is the tens digit of m(1)?
2
Let q(r) = -70*r - 2. What is the tens digit of q(-1)?
6
Suppose -p + 18 = 2*p. Let s(f) = 5 - f + 4*f**2 - 3*f**2 + p*f. What is the units digit of s(-4)?
1
Let n be (-3)/3 - (0 + 1). Let t(s) = 10*s - 2 + 2 - 12*s. What is the units digit of t(n)?
4
Suppose 3*l - 19 + 4 = 0, 4*a - 4 = 4*l. Let b be (-2)/a + (-124)/6. Let v = b + 42. What is the units digit of v?
1
Suppose -h = 2*h - 15. What is the units digit of h?
5
Let h(i) be the second derivative of i**3/3 - 2*i**2 - 2*i. Let u be h(5). What is the tens digit of (4/u)/(4/84)?
1
Let u(s) = -s**3 + 8*s**2 + 2*s + 11. Let m be u(8). What is the units digit of 6/m - (-291)/27?
1
Let z be ((-6)/(-10))/((-4)/(-140)). Let s be ((-2)/5)/(1/(-85)). Let o = s - z. What is the tens digit of o?
1
Let x = -18 - -4. Let o = 32 + x. What is the tens digit of o?
1
Let b(t) = -t**3 - 3*t**2 + 9*t. What is the tens digit of b(-6)?
5
Let j(a) = -a**3 - 6*a**2 + 8*a. Suppose -14 - 21 = 5*o. Let l be j(o). What is the units digit of (-2)/7 - 51/l?
7
Let n = -2 - -8. Let j = n - -4. Let q = j + 2. What is the tens digit of q?
1
Let o(j) = -6*j + 2 + 3*j + 4*j. Let m be o(-2). Suppose -3 = -f - m. What is the units digit of f?
3
Let w be (-2)/5 + 13/(-5). Let f = w - -7. What is the units digit of f?
4
Suppose -2 = -2*v, -4*l + 2*v + 0*v + 54 = 0. Suppose o - 2*o = -l. What is the tens digit of o?
1
Let g(p) = -p + 7. What is the units digit of g(0)?
7
Suppose -5*u = -5*w - 3 - 7, 3*w - 5*u = -14. Suppose 0 = 3*q - 1 - 5. What is the units digit of w/q + 2/1?
3
Let w(r) = -r - 1. Suppose -4*j = 2*h + 12, 4*j = 2*h - 0*h - 12. Let n be w(j). Let m = n - -1. What is the units digit of m?
3
Suppose -4*x + 55 = -37. Suppose -7*d + x = -6*d. What is the units digit of d?
3
Let u(s) = s**2 - 7*s - 2. Let y = 4 - 3. Suppose -9 + y = -j. What is the units digit of u(j)?
6
Let u = 459 - 282. What is the units digit of u?
7
Suppose 0 = y - 4*y + 411. What is the hundreds digit of y?
1
What is the units digit of 5 + (-12)/3 - -20?
1
Let n(h) = h**2 - 6*h - 3. Let i be n(7). Suppose -i = -4*f, -2*c + 3*f = c - 6. Let j = 6 + c. What is the units digit of j?
9
What is the tens digit of -2 - (-5)/(15/63)?
1
What is the tens digit of 9/2*31/3*2?
9
Suppose 4*c - 129 + 49 = 0. What is the tens digit of c?
2
Let p(m) be the third derivative of m**5/20 + m**3/6 + m**2. Let h be (2 - (2 - (-1)/2))*-4. What is the tens digit of p(h)?
1
Let z = 121 - 48. What is the tens digit of z?
7
Let d be (-1)/1 + -5 + 0. Let s be (20/d)/((-6)/9). What is the units digit of -4*-2*s/4?
0
Let j(k) be the second derivative of 19*k**4/12 + k**3/6 + 2*k. What is the tens digit of j(-1)?
1
Suppose -107 = -3*w + 169. What is the tens digit of w?
9
Let f = 20 + 234. What is the hundreds digit of f?
2
Suppose 2*o + 4*r - 72 = 3*r, -138 = -4*o - 5*r. What is the tens digit of o?
3
Suppose 2*f - 4 = f. Suppose -f*s = -7*s + 39. What is the tens digit of s?
1
Let g(s) = 8*s - 12*s - 12 + 11*s. What is the tens digit of g(5)?
2
Suppose -3*r + 24 = 3*c, 38 = 4